{"id":334,"date":"2021-04-19T12:46:27","date_gmt":"2021-04-19T10:46:27","guid":{"rendered":"https:\/\/www.spkeramik42.com\/?page_id=334"},"modified":"2021-04-21T21:26:25","modified_gmt":"2021-04-21T19:26:25","slug":"ueber-mich","status":"publish","type":"page","link":"https:\/\/www.spkeramik42.com\/?page_id=334","title":{"rendered":"\u00dcber mich"},"content":{"rendered":"<p>[et_pb_section fb_built=&#8220;1&#8243; admin_label=&#8220;Hero Section&#8220; _builder_version=&#8220;4.9.2&#8243; use_background_color_gradient=&#8220;on&#8220; background_color_gradient_start=&#8220;rgba(0,0,0,0.5)&#8220; background_color_gradient_end=&#8220;rgba(0,0,0,0)&#8220; background_color_gradient_overlays_image=&#8220;on&#8220; background_image=&#8220;https:\/\/www.spkeramik42.com\/wp-content\/uploads\/2021\/04\/subhero-3185-hell.jpg&#8220; parallax=&#8220;on&#8220; custom_margin=&#8220;|||&#8220; custom_padding=&#8220;8%||8%|&#8220;][et_pb_row _builder_version=&#8220;3.25&#8243; background_size=&#8220;initial&#8220; background_position=&#8220;top_left&#8220; background_repeat=&#8220;repeat&#8220;][et_pb_column type=&#8220;4_4&#8243; _builder_version=&#8220;3.25&#8243; custom_padding=&#8220;|||&#8220; custom_padding__hover=&#8220;|||&#8220;][et_pb_text content_tablet=&#8220;&#8220; content_phone=&#8220;&#8220; content_last_edited=&#8220;on|desktop&#8220; admin_label=&#8220;Title&#8220; _builder_version=&#8220;4.9.2&#8243; text_font=&#8220;Quattrocento||||||||&#8220; text_font_size=&#8220;22px&#8220; text_line_height=&#8220;2em&#8220; header_font=&#8220;Quattrocento|||on|||||&#8220; header_font_size=&#8220;40px&#8220; header_letter_spacing=&#8220;6px&#8220; header_line_height=&#8220;1.4em&#8220; max_width=&#8220;800px&#8220; module_alignment=&#8220;left&#8220; animation_style=&#8220;slide&#8220; animation_direction=&#8220;top&#8220; animation_intensity_slide=&#8220;3%&#8220; animation_starting_opacity=&#8220;100%&#8220; header_font_size_tablet=&#8220;40px&#8220; header_font_size_phone=&#8220;&#8220; header_font_size_last_edited=&#8220;on|tablet&#8220;]<\/p>\n<h1>\u00dcber mich<\/h1>\n<p><strong><em>Ich bin \u2026 fasziniert:<\/em><\/strong> Ich bin fasziniert, dass meine Arbeit andere Menschen so anspricht, dass sie sie haben m\u00f6chten. Positive R\u00fcckmeldungen freuen mich ganz besonders und best\u00e4tigen mich in meiner Arbeit. Ich bin immer wieder fasziniert, dass meiner eigenen H\u00e4nde Arbeit andere begeistert. Euch allen vielen Dank daf\u00fcr!<\/p>\n<p>[\/et_pb_text][\/et_pb_column][\/et_pb_row][\/et_pb_section][et_pb_section fb_built=&#8220;1&#8243; admin_label=&#8220;Text Section&#8220; _builder_version=&#8220;4.9.2&#8243; background_enable_image=&#8220;off&#8220; parallax=&#8220;on&#8220; custom_margin=&#8220;|||&#8220; custom_padding=&#8220;8%||8%|&#8220;][et_pb_row _builder_version=&#8220;3.25&#8243; background_size=&#8220;initial&#8220; background_position=&#8220;top_left&#8220; background_repeat=&#8220;repeat&#8220;][et_pb_column type=&#8220;4_4&#8243; _builder_version=&#8220;3.25&#8243; custom_padding=&#8220;|||&#8220; custom_padding__hover=&#8220;|||&#8220;][et_pb_text admin_label=&#8220;Title&#8220; _builder_version=&#8220;4.9.2&#8243; text_font=&#8220;Quattrocento||||||||&#8220; text_font_size=&#8220;22px&#8220; text_line_height=&#8220;2em&#8220; header_font=&#8220;Quattrocento|||on|||||&#8220; header_font_size=&#8220;80px&#8220; header_letter_spacing=&#8220;6px&#8220; header_line_height=&#8220;1.4em&#8220; max_width=&#8220;800px&#8220; module_alignment=&#8220;left&#8220; animation_style=&#8220;slide&#8220; animation_direction=&#8220;top&#8220; animation_intensity_slide=&#8220;3%&#8220; animation_starting_opacity=&#8220;100%&#8220; header_font_size_tablet=&#8220;40px&#8220; header_font_size_phone=&#8220;&#8220; header_font_size_last_edited=&#8220;on|tablet&#8220;]<\/p>\n<p><em><strong>Ich bin \u2026 K\u00fcnstlerin:<\/strong><\/em> Ich habe mich schon immer f\u00fcr Kunst interessiert. Nach dem Abitur habe ich Kunst auf Lehramt in Frankfurt studiert und unterrichte bis heute sehr gerne Kunst. Eines Tages habe ich in meiner Schule einen wirklich sehr alten Brennofen entdeckt. Dies war der Moment, in dem meine Geschichte als Keramikerin begann.<\/p>\n<p><strong><em>Ich bin \u2026 Keramikerin:<\/em> <\/strong>Ich bin begeisterte Keramikerin. Ton als nat\u00fcrliches Material \u00fcbt eine nahezu magnetische Anziehungskraft auf mich aus. Ich habe im Jahr 2016 angefangen, mich mit Ton zu besch\u00e4ftigen. Anfangs habe ich Bl\u00fctenknospen als Kunst f\u00fcr den Garten gestaltet und mich mit dem \u201eWesen\u201c des Tons besch\u00e4ftigt. Als ich mich dann auf einem Keramikmarkt an einer Scheibe ausprobieren durfte, war es dann um mich geschehen\u2026<\/p>\n<p><strong><em>Ich bin \u2026 begeistert:<\/em><\/strong> Die Arbeit mit Ton, die vielen verschiedenen Arbeitsschritte, die M\u00f6glichkeit, mit den eigenen H\u00e4nden etwas Bleibendes zu schaffen, erf\u00fcllt mich mit einer tiefen Zufriedenheit und begeistert mich jeden Tag aufs Neue. Die M\u00f6glichkeiten, etwas aus Ton herzustellen, sind nahezu unbegrenzt und lediglich durch das eigene K\u00f6nnen begrenzt.<\/p>\n<p><strong><em>Ich bin \u2026<\/em><\/strong><strong><em>\u00a0ambitioniert:<\/em><\/strong> Ich bin Autodidaktin und habe mir mein K\u00f6nnen in hunderten von Stunden eigenst\u00e4ndig erarbeitet. Ich habe K\u00fcnstler*innen virtuell \u00fcber die Schulter geschaut, zugeguckt, nachgemacht, bin gescheitert, habe wieder angefangen und dadurch gelernt und gelernt. Ich bin fest davon \u00fcberzeugt, dass gerade in der Keramik (zeitweises) Scheitern den Erfahrungsschatz bereichert und dazugeh\u00f6rt. F\u00fcr mich steht das Lernen, das Verstehen des Tons, bis heute im Vordergrund. Ich lerne an jedem Tag in meiner Werkstatt etwas dazu. Sehr oft \u00fcber den Ton, sehr oft auch \u00fcber mich und meine eigenen Grenzen, die ich versuche zu verschieben \u2013 und mich freue, wenn es klappt.<\/p>\n<p><strong><em>Ich bin \u2026 perfektionistisch:<\/em><\/strong> Wenn ich ein Bild von einem Werkst\u00fcck im Kopf habe, bin ich erst dann zufrieden, wenn es am Ende zu 100 Prozent \u00fcbereinstimmt. Das ist im Grunde genommen gut, es kann aber auch sehr anstrengend und fordernd sein. Auf der einen Seite treibt mich dieses Streben nach Perfektionismus an, auf der anderen Seite \u201e\u00fcbertreibe\u201c ich es manchmal auch, das f\u00fchrt dann eher zum Ver-Zweifeln.<\/p>\n<p><strong><em>Ich bin \u2026 dankbar:<\/em><\/strong> Ich bin dankbar, dass ich dieses Leben f\u00fchren darf. Ich bin dankbar f\u00fcr meine Familie, die mich so oft in meiner Werkstatt arbeiten l\u00e4sst und wei\u00df, wie wichtig mir meine Keramik ist. Ich bin dankbar f\u00fcr meinen Mann, der mir genau aus diesem Grund im Jahr 2019 aus einer alten Garage eine kleine wunderbare Werkstatt errichtet hat, der f\u00fcr mich durch halb Deutschland gefahren ist, um meine Drehscheibe zu kaufen und den Brennofen gleich mitgebracht hat.<\/p>\n<p><strong><em>Ich bin \u2026 gerne unterwegs:<\/em><\/strong> Ich liebe es, auf Reisen zu sein, L\u00e4nder zu entdecken und zu bereisen. Besonders fasziniert bin ich von den skandinavischen L\u00e4ndern. Schweden, Norwegen, Finnland und D\u00e4nemark \u2013 Land und Leute dort sind einfach faszinierend. Und sie haben meiner Meinung nach auch im Design die Nase vorn\u2026<\/p>\n<p><strong><em>Ich bin \u2026<\/em><\/strong> <strong>eine Nachteule:<\/strong> Ich war schon immer nachtaktiv. Wenn die meisten Menschen schlafen, komme ich in meine produktivsten Phasen. Das f\u00fchrt schon mal dazu, dass ich nachts um 3 Uhr noch den Brennofen belade\u2026<\/p>\n<p><strong><em>Ich bin \u2026<\/em><\/strong> <strong>noch lange nicht fertig:<\/strong> Ich habe das Gef\u00fchl, als Keramikerin immer noch ganz am Anfang meines Schaffens zu stehen. Ich wei\u00df, dass die Arbeit mit Ton mich noch viele viele Jahre besch\u00e4ftigen wird. Etwas aus Ton herzustellen l\u00f6st in mir eine tiefe Zufriedenheit aus. Und solange das so bleibt, werde ich es euch wissen lassen\u2026<\/p>\n<p>&nbsp;<\/p>\n<p>[\/et_pb_text][\/et_pb_column][\/et_pb_row][\/et_pb_section][et_pb_section fb_built=&#8220;1&#8243; _builder_version=&#8220;4.9.2&#8243; use_background_color_gradient=&#8220;on&#8220; background_color_gradient_start=&#8220;#ffffff&#8220; background_color_gradient_end=&#8220;rgba(255,255,255,0)&#8220; background_color_gradient_overlays_image=&#8220;on&#8220; background_image=&#8220;https:\/\/www.spkeramik42.com\/wp-content\/uploads\/2021\/04\/footerhero-3178.jpg&#8220; background_position=&#8220;top_center&#8220; custom_padding=&#8220;20%|0px|120px|0px&#8220; global_module=&#8220;182&#8243;][et_pb_row _builder_version=&#8220;3.25&#8243;][et_pb_column type=&#8220;4_4&#8243; _builder_version=&#8220;3.25&#8243; custom_padding=&#8220;|||&#8220; custom_padding__hover=&#8220;|||&#8220;][et_pb_social_media_follow _builder_version=&#8220;4.9.2&#8243; text_orientation=&#8220;center&#8220; locked=&#8220;off&#8220;][et_pb_social_media_follow_network social_network=&#8220;instagram&#8220; url=&#8220;https:\/\/www.instagram.com\/spkeramik42\/&#8220; _builder_version=&#8220;4.9.2&#8243; background_color=&#8220;rgba(0,0,0,0.26)&#8220; custom_margin=&#8220;8px|8px|8px|8px&#8220; custom_padding=&#8220;6px|6px|6px|6px&#8220; border_radii=&#8220;on||||&#8220; follow_button=&#8220;off&#8220; url_new_window=&#8220;on&#8220;]instagram[\/et_pb_social_media_follow_network][\/et_pb_social_media_follow][\/et_pb_column][\/et_pb_row][\/et_pb_section]<\/p>\n","protected":false},"excerpt":{"rendered":"<p>\u00dcber mich Ich bin \u2026 fasziniert: Ich bin fasziniert, dass meine Arbeit andere Menschen so anspricht, dass sie sie haben m\u00f6chten. Positive R\u00fcckmeldungen freuen mich ganz besonders und best\u00e4tigen mich in meiner Arbeit. Ich bin immer wieder fasziniert, dass meiner eigenen H\u00e4nde Arbeit andere begeistert. Euch allen vielen Dank daf\u00fcr!Ich bin \u2026 K\u00fcnstlerin: Ich habe [&hellip;]<\/p>\n","protected":false},"author":1,"featured_media":0,"parent":0,"menu_order":0,"comment_status":"closed","ping_status":"closed","template":"","meta":{"_et_pb_use_builder":"on","_et_pb_old_content":"","_et_gb_content_width":"","footnotes":""},"class_list":["post-334","page","type-page","status-publish","hentry"],"_links":{"self":[{"href":"https:\/\/www.spkeramik42.com\/index.php?rest_route=\/wp\/v2\/pages\/334","targetHints":{"allow":["GET"]}}],"collection":[{"href":"https:\/\/www.spkeramik42.com\/index.php?rest_route=\/wp\/v2\/pages"}],"about":[{"href":"https:\/\/www.spkeramik42.com\/index.php?rest_route=\/wp\/v2\/types\/page"}],"author":[{"embeddable":true,"href":"https:\/\/www.spkeramik42.com\/index.php?rest_route=\/wp\/v2\/users\/1"}],"replies":[{"embeddable":true,"href":"https:\/\/www.spkeramik42.com\/index.php?rest_route=%2Fwp%2Fv2%2Fcomments&post=334"}],"version-history":[{"count":3,"href":"https:\/\/www.spkeramik42.com\/index.php?rest_route=\/wp\/v2\/pages\/334\/revisions"}],"predecessor-version":[{"id":450,"href":"https:\/\/www.spkeramik42.com\/index.php?rest_route=\/wp\/v2\/pages\/334\/revisions\/450"}],"wp:attachment":[{"href":"https:\/\/www.spkeramik42.com\/index.php?rest_route=%2Fwp%2Fv2%2Fmedia&parent=334"}],"curies":[{"name":"wp","href":"https:\/\/api.w.org\/{rel}","templated":true}]}}