{"id":32,"date":"2021-02-06T09:13:47","date_gmt":"2021-02-06T08:13:47","guid":{"rendered":"https:\/\/www.spkeramik42.com\/?page_id=32"},"modified":"2022-04-01T12:34:34","modified_gmt":"2022-04-01T10:34:34","slug":"versandarten","status":"publish","type":"page","link":"https:\/\/www.spkeramik42.com\/?page_id=32","title":{"rendered":"Versand"},"content":{"rendered":"<p>[et_pb_section fb_built=&#8220;1&#8243; _builder_version=&#8220;4.8.2&#8243; _module_preset=&#8220;default&#8220; global_colors_info=&#8220;{}&#8220;][et_pb_row _builder_version=&#8220;4.8.2&#8243; _module_preset=&#8220;default&#8220; global_colors_info=&#8220;{}&#8220;][et_pb_column type=&#8220;4_4&#8243; _builder_version=&#8220;4.8.2&#8243; _module_preset=&#8220;default&#8220; global_colors_info=&#8220;{}&#8220;][et_pb_text _builder_version=&#8220;4.9.2&#8243; _module_preset=&#8220;default&#8220; global_colors_info=&#8220;{}&#8220;]<\/p>\n<h1>Versand<\/h1>\n<p>[\/et_pb_text][et_pb_text _builder_version=&#8220;4.8.2&#8243; _module_preset=&#8220;default&#8220; global_colors_info=&#8220;{}&#8220;]<\/p>\n<p>In der folgenden Tabelle finden sich Versandoptionen, Versandkosten und Lieferzeiten.<\/p>\n<p>Wichtige Informationen zum Versand in andere L\u00e4nder: Internationale Sendungen k\u00f6nnen Z\u00f6lle, Steuern und anderen Geb\u00fchren unterliegen, die im angegebenen Gesamtpreis nicht enthalten sind. In diesem Fall k\u00f6nnen sich die Gesamtpreise erh\u00f6hen.<\/p>\n<p>[\/et_pb_text][et_pb_code _builder_version=&#8220;4.14.7&#8243; _module_preset=&#8220;default&#8220; min_height=&#8220;239px&#8220; hover_enabled=&#8220;0&#8243; global_colors_info=&#8220;{}&#8220; sticky_enabled=&#8220;0&#8243;]<\/p>\n<h2 style=\u201dtext-align: center;\u201d>Versandkosten und Optionen<\/h1>\n<p><!-- [et_pb_line_break_holder] -->\u00a0<!-- [et_pb_line_break_holder] --><\/p>\n<table><!-- [et_pb_line_break_holder] --><\/p>\n<thead><!-- [et_pb_line_break_holder] --><\/p>\n<tr><!-- [et_pb_line_break_holder] --><\/p>\n<td><strong>Option<\/strong><\/td>\n<p><!-- [et_pb_line_break_holder] --><\/p>\n<td><strong>Kosten<\/strong><\/td>\n<p><!-- [et_pb_line_break_holder] --><\/p>\n<td><strong>Lieferzeiten<\/strong><\/td>\n<p><!-- [et_pb_line_break_holder] --><\/tr>\n<p><!-- [et_pb_line_break_holder] --><\/thead>\n<p><!-- [et_pb_line_break_holder] --><\/p>\n<tbody><!-- [et_pb_line_break_holder] --><\/p>\n<tr><!-- [et_pb_line_break_holder] --><\/p>\n<td>Abholung<\/td>\n<p><!-- [et_pb_line_break_holder] --><\/p>\n<td>0,00 \u20ac<\/td>\n<p><!-- [et_pb_line_break_holder] --><\/p>\n<td>&#8211;<\/td>\n<p><!-- [et_pb_line_break_holder] --><\/tr>\n<p><!-- [et_pb_line_break_holder] --><\/p>\n<tr><!-- [et_pb_line_break_holder] --><\/p>\n<td>Deutschland<\/td>\n<p><!-- [et_pb_line_break_holder] --><\/p>\n<td>8,00 \u20ac<\/td>\n<p><!-- [et_pb_line_break_holder] --><\/p>\n<td>3 &#8211; 5 Werktage<\/td>\n<p><!-- [et_pb_line_break_holder] --><\/tr>\n<p><!-- [et_pb_line_break_holder] --><\/p>\n<tr><!-- [et_pb_line_break_holder] --><\/p>\n<td>EU-L\u00e4nder<\/td>\n<p><!-- [et_pb_line_break_holder] --><\/p>\n<td>19,00 \u20ac<\/td>\n<p><!-- [et_pb_line_break_holder] --><\/p>\n<td>5 &#8211; 10 Werktage<\/td>\n<p><!-- [et_pb_line_break_holder] --><\/tr>\n<p><!-- [et_pb_line_break_holder] -->  <\/p>\n<tr><!-- [et_pb_line_break_holder] --><\/p>\n<td>UK<\/td>\n<p><!-- [et_pb_line_break_holder] --><\/p>\n<td>32,00 \u20ac<\/td>\n<p><!-- [et_pb_line_break_holder] --><\/p>\n<td>5 &#8211; 10 Werktage<\/td>\n<p><!-- [et_pb_line_break_holder] --><\/tr>\n<p><!-- [et_pb_line_break_holder] --><\/p>\n<tr><!-- [et_pb_line_break_holder] --><\/p>\n<td>Nicht-EU-L\u00e4nder Europa<\/td>\n<p><!-- [et_pb_line_break_holder] --><\/p>\n<td>40,00 \u20ac<\/td>\n<p><!-- [et_pb_line_break_holder] --><\/p>\n<td>5 &#8211; 9 Werktage<\/td>\n<p><!-- [et_pb_line_break_holder] --><\/tr>\n<p><!-- [et_pb_line_break_holder] --><\/tbody>\n<p><!-- [et_pb_line_break_holder] --><\/table>\n<p>[\/et_pb_code][et_pb_text _builder_version=&#8220;4.14.7&#8243; _module_preset=&#8220;default&#8220; hover_enabled=&#8220;0&#8243; global_colors_info=&#8220;{}&#8220; sticky_enabled=&#8220;0&#8243;]<\/p>\n<h2>L\u00e4nder<\/h2>\n<p>Albanien, Andorra, Armenien, Aserbaidschan, Belgien, Bosnien und Herzegowina, Bulgarien, Deutschland, D\u00e4nemark, Estland, Finnland, Frankreich, Georgien, Griechenland, Staat Vatikanstadt, Irland, Island, Italien, Kasachstan, Kroatien, Lettland, Liechtenstein, Litauen, Luxemburg, Malta, Moldawien, Republik, Monaco, Montenegro, Niederlande, Nordmazedonien, Norwegen, Polen, Portugal, Rum\u00e4nien, Russland, San Marino, Schweden, Schweiz, Serbien, Slowakei, Slowenien, Spanien, Tschechien, T\u00fcrkei, Ukraine, Ungarn, Vereinigtes K\u00f6nigreich, Wei\u00dfrussland, Zypern, \u00d6sterreich.<\/p>\n<p><strong>F\u00fcr folgende Gebiete der EU-L\u00e4nder sind die Versandkosten erh\u00f6ht.<\/strong><\/p>\n<p>D\u00e4nemark: F\u00e4r\u00f6er, Gr\u00f6nland<br \/>Finnland: \u00c5landinseln<br \/>Frankreich: \u00fcberseeische Gebiete und Departements<br \/>Griechenland: Berg Athos<br \/>Italien: Livigno und Campione d\u2019Italia<br \/>Niederlande: au\u00dfereurop\u00e4ische Gebiete<br \/>Spanien: Kanarische Inseln, Ceuta + Melilla<br \/>Zypern: Nordteil<\/p>\n<p>[\/et_pb_text][et_pb_text _builder_version=&#8220;4.9.2&#8243; _module_preset=&#8220;default&#8220; global_colors_info=&#8220;{}&#8220;]<\/p>\n<h2>Abholadresse<\/h2>\n<p>Am Neuseser Weinberg 9<br \/>DE 63579 Freigericht<br \/>Ein pers\u00f6nlicher Abholtermin kann per Instagram oder E-Mail vereinbart werden.<\/p>\n<p>[\/et_pb_text][\/et_pb_column][\/et_pb_row][\/et_pb_section]<\/p>\n","protected":false},"excerpt":{"rendered":"<p>VersandIn der folgenden Tabelle finden sich Versandoptionen, Versandkosten und Lieferzeiten. Wichtige Informationen zum Versand in andere L\u00e4nder: Internationale Sendungen k\u00f6nnen Z\u00f6lle, Steuern und anderen Geb\u00fchren unterliegen, die im angegebenen Gesamtpreis nicht enthalten sind. In diesem Fall k\u00f6nnen sich die Gesamtpreise erh\u00f6hen.L\u00e4nder Albanien, Andorra, Armenien, Aserbaidschan, Belgien, Bosnien und Herzegowina, Bulgarien, Deutschland, D\u00e4nemark, Estland, Finnland, Frankreich, [&hellip;]<\/p>\n","protected":false},"author":1,"featured_media":0,"parent":0,"menu_order":0,"comment_status":"closed","ping_status":"closed","template":"","meta":{"_et_pb_use_builder":"on","_et_pb_old_content":"","_et_gb_content_width":"","footnotes":""},"class_list":["post-32","page","type-page","status-publish","hentry"],"_links":{"self":[{"href":"https:\/\/www.spkeramik42.com\/index.php?rest_route=\/wp\/v2\/pages\/32","targetHints":{"allow":["GET"]}}],"collection":[{"href":"https:\/\/www.spkeramik42.com\/index.php?rest_route=\/wp\/v2\/pages"}],"about":[{"href":"https:\/\/www.spkeramik42.com\/index.php?rest_route=\/wp\/v2\/types\/page"}],"author":[{"embeddable":true,"href":"https:\/\/www.spkeramik42.com\/index.php?rest_route=\/wp\/v2\/users\/1"}],"replies":[{"embeddable":true,"href":"https:\/\/www.spkeramik42.com\/index.php?rest_route=%2Fwp%2Fv2%2Fcomments&post=32"}],"version-history":[{"count":12,"href":"https:\/\/www.spkeramik42.com\/index.php?rest_route=\/wp\/v2\/pages\/32\/revisions"}],"predecessor-version":[{"id":1716,"href":"https:\/\/www.spkeramik42.com\/index.php?rest_route=\/wp\/v2\/pages\/32\/revisions\/1716"}],"wp:attachment":[{"href":"https:\/\/www.spkeramik42.com\/index.php?rest_route=%2Fwp%2Fv2%2Fmedia&parent=32"}],"curies":[{"name":"wp","href":"https:\/\/api.w.org\/{rel}","templated":true}]}}